(-2). Let j = f - -134. What is the tens digit of j?
5
Suppose 0*a + 5*v = -2*a + 265, -225 = -2*a + 3*v. Suppose i + 8 = -4*u - 0*i, 3*i = -5*u - 3. What is the units digit of 3/(-2)*a/u?
0
Suppose -4*t - 495 = o + 4*o, 0 = -t + 3*o - 128. Let s be 166/(-18) - 3/(81/(-6)). What is the tens digit of -3*12/s - t?
2
Let f(k) = k**3 + 133*k**2 - 214*k - 761. What is the thousands digit of f(-130)?
7
Let v be (-10)/(1 + -3 + 4). What is the hundreds digit of (-70300)/(-285)*6/v*-1?
2
Suppose 3*c + 2 = -f - 16, 4*c = 8. Let i be ((-424)/10)/((-108)/45 - -2). Let q = i + f. What is the units digit of q?
2
Suppose 2 = -k + 7. Suppose 640 = k*p + 150. Suppose -p = -h - h. What is the units digit of h?
9
Let u(d) = 2*d**3 - 10*d**2 + 3*d. Let o be u(5). Let n = o + 35. Let r = 95 - n. What is the tens digit of r?
4
Suppose 0 = -0*w - 13*w + 6*w + 72002. What is the tens digit of w?
8
What is the units digit of (20975 - 1) + 416/(-80) + 8/(-10)?
8
Suppose z - 9816 - 1191 = 4*t, -5*z = 5*t - 54960. What is the ten thousands digit of z?
1
Let u be 1/((-6)/(-27) - 14970/67122). Let y = -665 - u. What is the units digit of y?
8
Let d(y) = 99*y**2 + 912*y + 5. What is the hundreds digit of d(-12)?
3
Let s(z) = -z**3 - 34*z**2 - 33*z. Let h be s(-33). Suppose -4*p = -3*t - 58, h*t = -3*p - t + 50. What is the tens digit of p?
1
Suppose 2*i - 8 = 3*f, 4*f - 4*i - 474 = -478. Let a(k) be the third derivative of -k**4/2 - k**3/6 + k**2. What is the tens digit of a(f)?
7
Let o be ((4/(-2))/(-2))/(2/6). Suppose 4*g + 1291 = 3*x + 2*g, o*g - 2177 = -5*x. What is the hundreds digit of x?
4
Let j(m) = 765*m. Let d be j(-1). Let s = 1163 + d. What is the hundreds digit of s?
3
Let d(h) = 4*h - 58. Let p be d(16). Suppose -p*z - 1038 = -7*z. What is the units digit of z?
8
Let f(d) = -2*d**2 + 5*d**2 + 730*d + 7 + 58*d**3 - 739*d. What is the hundreds digit of f(2)?
4
Let b be ((-56)/10)/(8/(-4))*655. Suppose 94 = 4*s + b. What is the tens digit of (-1)/(5/s*(-1 - -2))?
8
Let x be (-520)/(-12) - 2/(-3). What is the tens digit of x*(6 - 22/4)?
2
Suppose 2*i - 23 = -5*v, 0 = -4*i - i - 3*v + 29. Suppose 0 = -4*u + i*p + 28, u = 4*p - 7*p + 11. What is the hundreds digit of (-422)/(-5)*20/u?
2
Suppose -677766 = 95*g - 166*g. What is the thousands digit of g?
9
Let u(q) = -q**3 + 43*q**2 + 89*q + 221. What is the units digit of u(43)?
8
Suppose -13 = -f + 4*o, 5*f - 31 = 5*o - 11. Let g(m) = -1 - 32*m + f - 3 - 8. What is the tens digit of g(-5)?
4
Suppose -5*v + 2*i - 8098 = 0, 0 = -3*v - 2*v + 4*i - 8106. What is the tens digit of (-8)/(144/(-9)) + v/(-4)?
0
Suppose 3*v - w - 88258 = -21546, -22236 = -v + w. What is the thousands digit of v?
2
Suppose 18*r - 100817 - 29647 = 0. Suppose -3*o - r = -19*o. What is the tens digit of o?
5
Suppose 0 = -39*u + 310723 + 501467 + 32472. What is the thousands digit of u?
1
Let b(q) = 124*q + 16. Let c(n) = 62*n + 8. Let r be 3 - 0 - 19/19. Let z(t) = r*b(t) - 5*c(t). What is the tens digit of z(-2)?
1
Let d(h) = -1684*h - 2015. What is the tens digit of d(-8)?
5
Suppose -97*m + 3063038 = -3151849. What is the thousands digit of m?
4
Let b = -331 - -336. Suppose r + b*o - 30 = 45, 5*r - 402 = 2*o. What is the units digit of r?
0
Suppose -15*z + 138 = 18. Suppose 32*i - 70160 = -z*i. What is the hundreds digit of i?
7
Suppose -j + 13 = 3*j - 5*d, 0 = 2*j + 3*d - 1. Let n(z) = z**3 + 16*z**2 - 9*z + 56. Let v be n(-17). What is the units digit of (3/j)/((-2)/v)?
0
What is the hundreds digit of 194/(-873) + (-2)/18*-5105?
5
Let n(p) = 65750*p**3 - 2*p**2 - 35*p + 34. What is the ten thousands digit of n(1)?
6
Suppose -2*g - 3*t + 23102 = 0, -g = -t - 4*t - 11564. Suppose 0 = 33*v + 2743 - g. What is the tens digit of v?
6
Suppose 3*j - 3*u = 0, j - 35*u + 40*u - 12 = 0. Suppose 0 = -j*x + 8, -z + 364 = 2*x - 1039. What is the units digit of z?
5
Let y = 488 - 451. Let x(s) = 2*s**2 - 7*s + 8. Let q be x(6). Suppose y*v = q*v - 105. What is the hundreds digit of v?
1
Let p be ((-8)/4)/(-2) + 1*4. Suppose 4*a + 45 = u - 430, -a - p = 0. What is the units digit of u?
5
What is the hundreds digit of (-1759734)/(-472) + (-3)/(-36)*21?
7
Suppose -27*f + 799123 = f - 304637. What is the thousands digit of f?
9
Suppose 34*r = 12*r + 352. Suppose -r*n = 4685 - 14253. What is the hundreds digit of n?
5
Suppose -2*n + 11 = 25. Let b be 3 + -4 + 0 + 3. What is the units digit of (2 + -219)*b/n?
2
Let f = 26670 + 1293. What is the ten thousands digit of f?
2
Let v(o) = -o**3 + 63*o**2 + 7*o + 549. What is the hundreds digit of v(23)?
8
What is the thousands digit of (1 - -2) + (33189 - 0)?
3
What is the thousands digit of (-109646)/(-10) - (6/15)/(-1)?
0
Let g = -90 - -152. Suppose -g - 40 = -6*y. Let u = 18 - y. What is the units digit of u?
1
Let i(w) = -25*w + 262. Let p be i(11). Let l(u) = u + 408. What is the units digit of l(p)?
5
Let h = -55 + 60. Suppose -15 = 5*f - h. What is the units digit of -3 + 4 + -9*f/3?
7
Suppose 113*z - 84*z = -168*z + 83725. What is the hundreds digit of z?
4
Let l(x) = -463*x + 100. What is the hundreds digit of l(-30)?
9
Suppose 4 = -2*h + 3*h. Suppose h*k = 64 + 72. Let t = 51 - k. What is the tens digit of t?
1
Suppose -5*y = -30, -13*n - 5*y + 48880 = -12*n. What is the units digit of n?
0
Suppose -5*q - 3 = -463. What is the tens digit of 50240/q + 2/(-23)?
4
Suppose -202*l = 63*l - 946050. What is the hundreds digit of l?
5
Let g(f) = -168*f - 156. Let d be g(-8). Suppose -2514 = -6*p + d. What is the hundreds digit of p?
6
Let s(y) = -3*y**3 + 3*y**2 - 9*y + 15. Let q be s(4). What is the hundreds digit of 410/15*q/(-10)?
4
Let n(q) = 24096*q**2 + 17*q - 5. What is the thousands digit of n(-1)?
4
Let l(s) = 1601*s**2 - 35*s - 60. What is the hundreds digit of l(-2)?
4
Suppose -3*p - 1968 = -2*k + 5*k, p = -3*k - 664. Let n = -344 - p. What is the units digit of n?
8
Let v(f) = 430*f**2 - 526*f + 4820. What is the units digit of v(9)?
6
Let p = -668 + 940. Let q = p - -136. What is the tens digit of q?
0
Suppose -5*s + 97 = 22. Let y(x) = x**2 - 10*x - 7. Let f be y(s). Suppose -b + 113 = -f. What is the hundreds digit of b?
1
Suppose q + q = -23*q + 1194625. What is the ten thousands digit of q?
4
What is the hundreds digit of (216387/21)/(246/1722)?
1
Suppose 213*q - 264 = 81*q. Suppose -3*c = -4*d - 93, -4*c - 39 = 2*d - 7*c. What is the hundreds digit of (9/d)/(q/(-642))?
1
Suppose -69*d = -155151 - 139065. What is the hundreds digit of d?
2
Suppose x = -5*p - 3*x + 37237, -4*x - 8 = 0. What is the hundreds digit of p?
4
Let w(v) = -6*v + 80. Suppose -15*m = 571 + 89. What is the hundreds digit of w(m)?
3
Let i be (-2)/6*(-20 + 4 + -2). Suppose i*n = 4329 + 1827. What is the units digit of n?
6
Let g(y) = 32 + y**3 - 16*y - 12*y + 17*y**2 - 5 + 6*y + 2*y. What is the hundreds digit of g(-14)?
8
Suppose 30856 + 97252 = 15*l - 33697. What is the tens digit of l?
8
Suppose d + 21 = 4*d + 2*a, 18 = 3*d + a. Suppose -d*m - 2 = -12. What is the hundreds digit of (3 - 1 - -260)/m?
1
Let s(c) = 33*c**3 + c**2 + c - 3. Let t be s(1). What is the units digit of (2*(-12)/t)/((-1)/404)?
3
Suppose 3*c + j = -2*c + 37040, 2*j + 7408 = c. What is the tens digit of c?
0
Suppose -192480 - 201632 = -47*k - 17*k. What is the thousands digit of k?
6
Let y(z) = 3*z**2 - 9*z - 5. Let d be y(4). Let o(x) be the second derivative of x**3/3 + 5*x**2/2 + 2*x. What is the units digit of o(d)?
9
Suppose 399700 = 13*m + 57*m. What is the thousands digit of m?
5
Let j = 154 - 103. Let s be (20/8 - 3)/((-3 - -4)/40). Let r = j - s. What is the units digit of r?
1
Let o be -2 + (-4593)/(-5) - 9/15. Suppose -h - 3*h + o = 0. What is the tens digit of h?
2
Let h = -9490 + 23237. What is the ten thousands digit of h?
1
Suppose 0 = -85*f + 87*f + h - 159789, 0 = -3*f + 3*h + 239715. What is the units digit of f?
8
Let r(b) be the third derivative of -67/24*b**4 + 1/6*b**3 - 9*b**2 + 0 + 0*b. What is the units digit of r(-1)?
8
Let c(w) = 14*w**2 - 53*w + 867. What is the hundreds digit of c(12)?
2
Let k(x) = -18*x + 1. Let u(y) = 37*y - 1. Suppose g = -5*g - 18. Let z(r) = g*u(r) - 7*k(r). What is the units digit of z(2)?
6
Let k = 38870 + -26927. Suppose 0 = 11*n + 2456 + k. What is the hundreds digit of (-2 - -5)*n/(-17)?
2
Let 